{"id":1353,"date":"2024-03-02T09:02:02","date_gmt":"2024-03-02T09:02:02","guid":{"rendered":"https:\/\/wydawnictwohh.pl\/?post_type=product&#038;p=1353"},"modified":"2025-11-24T12:30:42","modified_gmt":"2025-11-24T12:30:42","slug":"zapach-zazdrosci","status":"publish","type":"product","link":"https:\/\/wydawnictwohh.pl\/index.php\/produkt\/zapach-zazdrosci\/","title":{"rendered":"Zapach Zazdro\u015bci. NIENASYCENI #2 (Monika Nawara)"},"content":{"rendered":"<p>Tom 2 serii &#8222;Nienasyceni&#8221;<\/p>\n<p>Drugi\u00a0tom\u00a0historii\u00a0Catherine\u00a0Montmar\u00a0i\u00a0Bruno\u00a0Wintersa.<\/p>\n<p>Bruno i Catherine podejmuj\u0105 spontaniczn\u0105 decyzj\u0119. Po trzech tygodniach znajomo\u015bci postanawiaj\u0105 stan\u0105\u0107 na \u015blubnym kobiercu. Catherine jest przekonana, \u017ce to szale\u0144stwo, ale zakocha\u0142a si\u0119 do tego stopnia, \u017ce nie potrafi trze\u017awo my\u015ble\u0107. Bruno ca\u0142kowicie zawr\u00f3ci\u0142 jej w g\u0142owie.<\/p>\n<p>Jednak kobieta szybko po\u017ca\u0142uje tego, co zrobi\u0142a, poniewa\u017c na przyj\u0119ciu weselnym przypadkiem spotyka w korytarzu ca\u0142uj\u0105c\u0105 si\u0119 par\u0119. Nie mo\u017ce uwierzy\u0107 w\u0142asnym oczom, gdy dociera do niej, \u017ce to jej m\u0105\u017c ca\u0142uje inn\u0105 tu\u017c po tym, kiedy obiecali sobie mi\u0142o\u015b\u0107 i wierno\u015b\u0107 do ko\u0144ca swoich dni.<\/p>\n<p>Catherine jest za\u0142amana. Bruno bardzo naruszy\u0142 jej zaufanie, wi\u0119c pod wp\u0142ywem impulsu kobieta wyje\u017cd\u017ca na Sycyli\u0119. Jednak nie b\u0119d\u0105 to dla niej wakacje, poniewa\u017c nieoczekiwanie wpada w wir niebezpiecznych sytuacji, jak r\u00f3wnie\u017c w oko pewnemu w\u0142oskiemu przystojniakowi Leonardo. To m\u0119\u017cczyzna, kt\u00f3ry z pewno\u015bci\u0105 nie\u0142atwo przyjmuje odmow\u0119.<\/p>\n","protected":false},"excerpt":{"rendered":"<h6 style=\"text-align: left;\" align=\"center\">Najni\u017csza cena z 30 dni przed obni\u017ck\u0105: 24,90 z\u0142<\/h6>\n","protected":false},"featured_media":1922,"comment_status":"open","ping_status":"closed","template":"","meta":{"_kadence_starter_templates_imported_post":false,"_kad_post_transparent":"disable","_kad_post_title":"","_kad_post_layout":"normal","_kad_post_sidebar_id":"","_kad_post_content_style":"boxed","_kad_post_vertical_padding":"show","_kad_post_feature":"","_kad_post_feature_position":"","_kad_post_header":false,"_kad_post_footer":false},"product_brand":[],"product_cat":[24,25,34],"product_tag":[30,26,29,27,31],"class_list":{"0":"post-1353","1":"product","2":"type-product","3":"status-publish","4":"has-post-thumbnail","6":"product_cat-ksiazki","7":"product_cat-romans-i-erotyka","8":"product_cat-romans-hate-love","9":"product_tag-erotyka","10":"product_tag-nienasyceni","11":"product_tag-romans","12":"product_tag-zapach","13":"product_tag-zapach-zazdrosci","14":"product_shipping_class-ksiazka","16":"first","17":"instock","18":"sale","19":"featured","20":"purchasable","21":"product-type-simple","22":"entry","23":"content-bg","24":"loop-entry"},"jetpack_sharing_enabled":true,"_links":{"self":[{"href":"https:\/\/wydawnictwohh.pl\/index.php\/wp-json\/wp\/v2\/product\/1353","targetHints":{"allow":["GET"]}}],"collection":[{"href":"https:\/\/wydawnictwohh.pl\/index.php\/wp-json\/wp\/v2\/product"}],"about":[{"href":"https:\/\/wydawnictwohh.pl\/index.php\/wp-json\/wp\/v2\/types\/product"}],"replies":[{"embeddable":true,"href":"https:\/\/wydawnictwohh.pl\/index.php\/wp-json\/wp\/v2\/comments?post=1353"}],"wp:featuredmedia":[{"embeddable":true,"href":"https:\/\/wydawnictwohh.pl\/index.php\/wp-json\/wp\/v2\/media\/1922"}],"wp:attachment":[{"href":"https:\/\/wydawnictwohh.pl\/index.php\/wp-json\/wp\/v2\/media?parent=1353"}],"wp:term":[{"taxonomy":"product_brand","embeddable":true,"href":"https:\/\/wydawnictwohh.pl\/index.php\/wp-json\/wp\/v2\/product_brand?post=1353"},{"taxonomy":"product_cat","embeddable":true,"href":"https:\/\/wydawnictwohh.pl\/index.php\/wp-json\/wp\/v2\/product_cat?post=1353"},{"taxonomy":"product_tag","embeddable":true,"href":"https:\/\/wydawnictwohh.pl\/index.php\/wp-json\/wp\/v2\/product_tag?post=1353"}],"curies":[{"name":"wp","href":"https:\/\/api.w.org\/{rel}","templated":true}]}}