{"id":2066,"date":"2024-03-20T07:42:31","date_gmt":"2024-03-20T07:42:31","guid":{"rendered":"https:\/\/wydawnictwohh.pl\/?post_type=product&#038;p=2066"},"modified":"2025-11-24T12:27:15","modified_gmt":"2025-11-24T12:27:15","slug":"przedsprzedaz-przysiega-wiernosci-monika-nawara","status":"publish","type":"product","link":"https:\/\/wydawnictwohh.pl\/index.php\/produkt\/przedsprzedaz-przysiega-wiernosci-monika-nawara\/","title":{"rendered":"Przysi\u0119ga Wierno\u015bci. KRWAWE ROZGRYWKI #1 (Monika Nawara)"},"content":{"rendered":"<p style=\"font-weight: 400;\"><strong>PIERWSZY TOM MROCZNEJ SERII \u201eKRWAWE ROZGRYWKI\u201d<\/strong><\/p>\n<p style=\"font-weight: 400;\"><strong>HISTORIA IDEALNA DLA WIELBICIELEK MOCNYCH WRA\u017bE\u0143, PE\u0141NA GOR\u0104CYCH SCEN EROTYCZNYCH ORAZ ZASKAKUJ\u0104CYCH ZWROT\u00d3W AKCJI.<\/strong><\/p>\n<p style=\"font-weight: 400;\">Valentina Kartov pragnie \u017cy\u0107 z dala od mafijnych porachunk\u00f3w. Jednak podczas wakacji na Sycylii nie tylko staje si\u0119 celem atak\u00f3w tajemniczego prze\u015bladowcy, ale r\u00f3wnie\u017c poznaje m\u0119\u017cczyzn\u0119, kt\u00f3ry uosabia wszystko, czego ona nienawidzi.<\/p>\n<p style=\"font-weight: 400;\">Lorenzo Deluzzo to bezwzgl\u0119dny i przera\u017caj\u0105cy spadkobierca rodzinnego imperium. Nie planuje ma\u0142\u017ce\u0144stwa ani nie szuka odpowiedniej kobiety. Wszystko si\u0119 zmienia, gdy poznaje Valentin\u0119 i przekonuje si\u0119 na w\u0142asnej sk\u00f3rze, jak bezczelne potrafi\u0105 by\u0107 mafijne ksi\u0119\u017cniczki.<\/p>\n","protected":false},"excerpt":{"rendered":"<h6 style=\"text-align: left;\" align=\"center\">Najni\u017csza cena z 30 dni przed obni\u017ck\u0105: 38,90 z\u0142<\/h6>\n","protected":false},"featured_media":2122,"comment_status":"open","ping_status":"closed","template":"","meta":{"_kadence_starter_templates_imported_post":false,"_kad_post_transparent":"default","_kad_post_title":"","_kad_post_layout":"normal","_kad_post_sidebar_id":"","_kad_post_content_style":"boxed","_kad_post_vertical_padding":"show","_kad_post_feature":"","_kad_post_feature_position":"","_kad_post_header":false,"_kad_post_footer":false},"product_brand":[],"product_cat":[24,25,33],"product_tag":[30,38,37,29],"class_list":{"0":"post-2066","1":"product","2":"type-product","3":"status-publish","4":"has-post-thumbnail","6":"product_cat-ksiazki","7":"product_cat-romans-i-erotyka","8":"product_cat-romans-mafijny","9":"product_tag-erotyka","10":"product_tag-mafia","11":"product_tag-przysiega","12":"product_tag-romans","13":"product_shipping_class-ksiazka","15":"first","16":"instock","17":"sale","18":"featured","19":"purchasable","20":"product-type-simple","21":"entry","22":"content-bg","23":"loop-entry"},"jetpack_sharing_enabled":true,"_links":{"self":[{"href":"https:\/\/wydawnictwohh.pl\/index.php\/wp-json\/wp\/v2\/product\/2066","targetHints":{"allow":["GET"]}}],"collection":[{"href":"https:\/\/wydawnictwohh.pl\/index.php\/wp-json\/wp\/v2\/product"}],"about":[{"href":"https:\/\/wydawnictwohh.pl\/index.php\/wp-json\/wp\/v2\/types\/product"}],"replies":[{"embeddable":true,"href":"https:\/\/wydawnictwohh.pl\/index.php\/wp-json\/wp\/v2\/comments?post=2066"}],"wp:featuredmedia":[{"embeddable":true,"href":"https:\/\/wydawnictwohh.pl\/index.php\/wp-json\/wp\/v2\/media\/2122"}],"wp:attachment":[{"href":"https:\/\/wydawnictwohh.pl\/index.php\/wp-json\/wp\/v2\/media?parent=2066"}],"wp:term":[{"taxonomy":"product_brand","embeddable":true,"href":"https:\/\/wydawnictwohh.pl\/index.php\/wp-json\/wp\/v2\/product_brand?post=2066"},{"taxonomy":"product_cat","embeddable":true,"href":"https:\/\/wydawnictwohh.pl\/index.php\/wp-json\/wp\/v2\/product_cat?post=2066"},{"taxonomy":"product_tag","embeddable":true,"href":"https:\/\/wydawnictwohh.pl\/index.php\/wp-json\/wp\/v2\/product_tag?post=2066"}],"curies":[{"name":"wp","href":"https:\/\/api.w.org\/{rel}","templated":true}]}}